
-3012
In base 16, what is 945b - 3?
9458
In base 15, what is -6 - -16ab8?
16ab2
In base 10, what is -48 + 3730?
3682
In base 10, what is 28216 - -2?
28218
In base 7, what is 122321 + 2?
122323
In base 9, what is 13 + -603?
-580
In base 10, what is 1 + 22851?
22852
In base 5, what is -4433 + 40?
-4343
In base 9, what is 0 - -160572?
160572
In base 4, what is -1222 + -232?
-2120
In base 8, what is -521 + 30?
-471
In base 13, what is -c9 - -5b6?
4ba
In base 11, what is -1 - -55?
54
In base 5, what is 400434033 - -4?
400434042
In base 9, what is 44 + 6303?
6347
In base 10, what is -61 - -624?
563
In base 2, what is 11101000100000 - -100?
11101000100100
In base 7, what is 1022 - -1?
1023
In base 2, what is -11010111100111010001 + 100?
-11010111100111001101
In base 2, what is -1000 + 1000010100100?
1000010011100
In base 5, what is -4414 - 214?
-10133
In base 8, what is -2 + -36165?
-36167
In base 15, what is 3cd5 + 1ce?
3eb4
In base 5, what is 24030120 - -3?
24030123
In base 8, what is 5 - 232157?
-232152
In base 7, what is -1025454 + 5?
-1025446
In base 16, what is 0 - -138c?
138c
In base 13, what is -1 + -18184b?
-18184c
In base 12, what is -20603 + 0?
-20603
In base 16, what is c398 + -3?
c395
In base 11, what is -18146 + -13?
-18159
In base 6, what is -12 - -225?
213
In base 8, what is 10 + -277421?
-277411
In base 9, what is -28 + -2480?
-2518
In base 16, what is c0 - 39?
87
In base 6, what is 1154405 + 0?
1154405
In base 10, what is 1046 + 151?
1197
In base 2, what is -111110111000 + -101010101?
-1000100001101
In base 4, what is -21132 + 311?
-20221
In base 14, what is -1da8d8 + 0?
-1da8d8
In base 6, what is 2 - 155213?
-155211
In base 5, what is 304443 + -2?
304441
In base 15, what is -4b2 - -5?
-4ac
In base 12, what is -2a8 + -63?
-34b
In base 9, what is -1042844 - -2?
-1042842
In base 9, what is 228703 - -1?
228704
In base 8, what is -214 + -676?
-1112
In base 16, what is 5 + -afbb?
-afb6
In base 10, what is 70 - 1922?
-1852
In base 7, what is 2101 - -522?
2623
In base 9, what is -166226 - 32?
-166258
In base 3, what is -22211011 - -10121?
-22200120
In base 3, what is -11 - 10000121?
-10000202
In base 3, what is -110111200002 - 102?
-110111200111
In base 4, what is -103021 + -231?
-103312
In base 3, what is -10201120112 + -12?
-10201120201
In base 16, what is -50 - -9c?
4c
In base 8, what is 13535 + 445?
14202
In base 16, what is ce0 - 31?
caf
In base 6, what is 105 - 30501?
-30352
In base 11, what is -26 - -398?
372
In base 6, what is -5 - 52200?
-52205
In base 14, what is 0 - -18ad9?
18ad9
In base 6, what is -130 - -1524?
1354
In base 13, what is 17 + b06?
b20
In base 16, what is -3c + c19?
bdd
In base 10, what is -6879 - -12?
-6867
In base 7, what is 35541 + -5?
35533
In base 8, what is -4012 + 11?
-4001
In base 6, what is -10432 - -3?
-10425
In base 8, what is -4 + -12667?
-12673
In base 16, what is 355c6 + 5?
355cb
In base 10, what is -2692 - 0?
-2692
In base 15, what is a6 - -4a?
101
In base 2, what is -1000110111 - 101?
-1000111100
In base 15, what is 0 + 9030d?
9030d
In base 15, what is 25c - 0?
25c
In base 10, what is -3626 + 13?
-3613
In base 3, what is 11 + -101111121101?
-101111121020
In base 14, what is -7 - -31a8?
31a1
In base 8, what is 11242646 - -4?
11242652
In base 5, what is -33 + 3244440?
3244402
In base 15, what is -172a0 + -5?
-172a5
In base 3, what is -21012 - 1222210?
-2020222
In base 4, what is 1 + 100110232?
100110233
In base 15, what is 9b9 - 8d?
92b
In base 5, what is 444 + -200?
244
In base 5, what is -13223 - 2222?
-21000
In base 16, what is 17 - -28?
3f
In base 9, what is 1766 + -1006?
760
In base 9, what is 103403 + -4?
103388
In base 13, what is -9 + -259?
-265
In base 7, what is -61501 - 3?
-61504
In base 6, what is -13 + -254330?
-254343
In base 4, what is -1121033 - -3?
-1121030
In base 10, what is -66 - -2526?
2460
In base 8, what is -155 - -226?
51
In base 11, what is -2 + 104a742?
104a740
In base 13, what is 12a5 + -1?
12a4
In base 10, what is -1 + 292347?
292346
In base 9, what is -711515 - 4?
-711520
In base 8, what is -3474235 - -2?
-3474233
In base 12, what is -102b4 + 3?
-102b1
In base 15, what is 333 + -1?
332
In base 5, what is -1 - -3223013?
3223012
In base 2, what is -111110001 + -111111100101?
-1000111010110
In base 4, what is -3 + -102102103?
-102102112
In base 5, what is -3031 - -3321?
240
In base 2, what is -10000 - -100110100?
100100100
In base 10, what is 82 - 959?
-877
In base 8, what is 24 - 1156356?
-1156332
In base 3, what is -20212210020 + 1221?
-20212201022
In base 7, what is 3 - 116024?
-116021
In base 11, what is -1a1 - -5a1?
400
In base 13, what is 0 + c44?
c44
In base 11, what is -7a29 + 81?
-7958
In base 9, what is -72848 + 5?
-72843
In base 10, what is -5 + -1897?
-1902
In base 16, what is -1e14 - -4b?
-1dc9
In base 15, what is 609bd + -2?
609bb
In base 13, what is 28 + -883?
-858
In base 5, what is -10430 - 101?
-11031
In base 4, what is 10 - -1112230212?
1112230222
In base 11, what is -5 + 8978?
8973
In base 14, what is -33 - 175?
-1a8
In base 3, what is 110110121002 - -1?
110110121010
In base 15, what is 3 + 2d462?
2d465
In base 15, what is 11 - -358a?
359b
In base 3, what is -2222012121 + -11?
-2222012202
In base 7, what is -14 - 156043?
-156060
In base 11, what is -2885 + 73?
-2812
In base 16, what is 1b2 + -1?
1b1
In base 3, what is -102022 + -122221?
-1002020
In base 9, what is 415 - -236?
652
In base 3, what is -11 - 22212200102?
-22212200120
In base 10, what is -127 + -329?
-456
In base 12, what is -8598 + 1b?
-8579
In base 15, what is 2 + 2c06?
2c08
In base 11, what is 76037 - 2?
76035
In base 8, what is 2332 - -60?
2412
In base 12, what is -243 + -23a?
-481
In base 16, what is 9 + -279?
-270
In base 15, what is 908c + -44?
9048
In base 2, what is 10110 - -1101110?
10000100
In base 5, what is -10 + 4311342?
4311332
In base 9, what is 3500040 - -4?
3500044
In base 10, what is 77443 + 8?
77451
In base 8, what is -22730 + -44?
-22774
In base 8, what is 1147 - -4146?
5315
In base 10, what is -371 - -29?
-342
In base 5, what is 21220 + 213?
21433
In base 4, what is -21121013231 - -3?
-21121013222
In base 2, what is -1000 + -1100101110001101?
-1100101110010101
In base 2, what is -11 - -11110001111000111?
11110001111000100
In base 7, what is 1115450 + -4?
1115443
In base 11, what is 2 - 175245?
-175243
In base 13, what is -770ab + 4?
-770a7
In base 12, what is -2a4ba - -5?
-2a4b5
In base 14, what is 3823d - 6?
38237
In base 12, what is -6a - -46b94?
46b26
In base 11, what is 485 + 279?
753
In base 5, what is 201 - -332320?
333021
In base 5, what is -13403 + -24?
-13432
In base 5, what is 4 - -33130?
33134
In base 15, what is 2 - 31ed?
-31eb
In base 15, what is -4b + 9571?
9525
In base 9, what is 6507 - 578?
5818
In base 6, what is -11 - -1013534?
1013523
In base 13, what is -1665a5 - -3?
-1665a2
In base 2, what is -10001 - 1101000010000010?
-1101000010010011
In base 11, what is -73386 - 1?
-73387
In base 7, what is 0 - -2026325?
2026325
In base 16, what is 1af2c + 3?
1af2f
In base 6, what is -4215142 - 2?
-4215144
In base 8, what is 4 + 725027?
725033
In base 6, what is -4114550 + -11?
-4115001
In base 14, what is 1b6 - 64?
152
In base 12, what is -833 - -1b8?
-637
In base 16, what is -2 - 22e7?
-22e9
In base 2, what is 0 + 101001101110110?
101001101110110
In base 6, what is -20 - 34001?
-34021
In base 14, what is -ca9 + -16?
-cc1
In base 2, what is 101 - -101101010100110110?
101101010100111011
In base 15, what is 9431b + a?
94326
In base 6, what is 3 + 1423354?
1423401
In base 13, what is 2639 - -34?
2670
In base 2, what is -1001 - 101001001111100?
-101001010000101
In base 13, what is 2ca - -1831?
1b2b
In base 15, what is 1 - 8c8d3?
-8c8d2
In base 2, what is -101 - -1010110111111?
1010110111010
In base 5, what is 2 + -312030?
-312023
In base 5, what is -3210 + -130?
-3340
In base 6, what is -23 + -13351?
-13414
In base 13, what is 40c1 + b?
40cc
In base 4, what is -133301 + 3320?
-123321
In base 4, what is 1033112113 + 10?
1033112123
In base 12, what is -314685 - -1?
-314684
In base 14, what is -5 + -52c1?
-52c6
In base 14, what is 29 - 55c3?
-5598
In base 8, what is 7 - -1202?
1211
In base 6, what is -40155 - -22?
-40133
In base 9, what is -241057 + -3?
-241061
In 